x.
25
Suppose 0 = 19*i - 14*i - 495. What is the highest common factor of 66 and i?
33
Suppose 0*m + 4*q = -4*m - 36, q + 25 = -5*m. Let n = m + 6. Let o be (11 - n)/(-3) - -17. Calculate the highest common factor of o and 112.
14
Suppose 3*o + 31 = 3*z + 4, 5*z + 5*o = 65. Let m be -2*18/(-8)*-6. Let h = 38 + m. Calculate the highest common divisor of h and z.
11
Let r be 24/6*(-431)/(-4). Let w = -298 + r. Calculate the greatest common divisor of w and 19.
19
Let p(c) = c**3 - 6*c**2 + 8*c - 6. Let l be p(5). Suppose 2*y - l*y + 336 = 0. What is the greatest common factor of 16 and y?
16
Let h be (3 - 2)*5 + 0. Suppose -h*d + 61 = -89. Let s(c) = -c**2 + 6*c - 3. Let m be s(3). What is the greatest common divisor of d and m?
6
Suppose f = 1 + 3. Let d(x) = 1 - f - x**3 + 1 - 5*x**2 + 3*x. Let v be d(-6). What is the greatest common factor of 40 and v?
8
Let t(o) = 22*o - 10. Let w(q) = q - 1. Let f(b) = -t(b) + 8*w(b). Let c be f(-8). Suppose 0 = -4*h + h + c. What is the highest common divisor of h and 19?
19
Let f be (2/6)/((-4)/(-108)). Suppose -12*w + 864 = -0*w. What is the highest common divisor of f and w?
9
Suppose 1 = -3*z + 4. Let b(k) = -k + 14. Let r be b(6). Calculate the highest common factor of z and r.
1
Let d be 2/(-9) - 896/(-63). Calculate the highest common divisor of d and 7.
7
Suppose -8*v + 4*v + 56 = 0. Let g be -84*3*3/(-6). What is the greatest common divisor of g and v?
14
Suppose 3*r + 5 = -4. Let v(m) = -2*m - 4. Let n be v(r). Calculate the greatest common divisor of n and 2.
2
Suppose 6*p - p - 240 = 0. Let f = 147 - 98. Let y = f + -33. Calculate the highest common divisor of p and y.
16
Let z = 0 + 0. Suppose 3*d - 32 = -s - z*d, -5*d = -2*s + 20. Calculate the greatest common divisor of s and 50.
10
Suppose 3*r + 2*r + 4*d - 116 = 0, 0 = -2*r - 4*d + 56. Suppose 2*u = -0*u + 320. What is the greatest common factor of r and u?
20
Suppose -2*u + 47 = u + i, -i = 2*u - 30. Let x = u + -7. Calculate the highest common divisor of 70 and x.
10
Suppose 5*s = -0*s + 25. Suppose s*r + 4*g = -2, 5*r - 4*g = -g + 19. What is the highest common divisor of r and 14?
2
Let x be -3 + 1 - (-5 + 9). Let a(m) = -m**3 - 5*m**2 + 6*m + 2. Let c be a(x). Calculate the highest common divisor of 8 and c.
2
Let d = 6 - 3. Let a(k) = -2*k**3 + 17*k**2 + 10*k - 5. Let l be a(9). Suppose 2*b = -l*v - d*b + 2, 2 = -b. What is the highest common divisor of 12 and v?
3
Let p = 121 + 71. Let w(r) = -r**3 - 4*r**2 + 10*r + 12. Let g be w(-6). What is the greatest common factor of g and p?
24
Let x = -7 - -9. Suppose x*z + 4*b - 221 = -41, 0 = z + b - 87. Let q(l) = l + 14. Let g be q(0). What is the greatest common divisor of z and g?
14
Suppose 0*q = 2*q - 38. Let v(l) = -l**2 - 10*l + 10. Let h be v(-9). What is the highest common factor of q and h?
19
Let p = -10 + 19. Suppose -2*h = -3*h + 5*k - 19, -5*h + 5*k - 15 = 0. Calculate the greatest common divisor of p and h.
1
Let n(y) = y**3 - 3*y**2 + 3*y + 3. Let v be n(3). What is the greatest common factor of 18 and v?
6
Let y(c) = 2*c**2 - 15*c + 13. Let d be y(10). Calculate the highest common factor of 9 and d.
9
Let f be (4 - 5)*-1*10. Calculate the highest common factor of 4 and f.
2
Suppose -6*s + 2*s = -200. Calculate the highest common divisor of 10 and s.
10
Let x(n) = 50*n**2 - 2*n + 4. Let y be x(-3). Let h = y - 328. What is the greatest common divisor of 12 and h?
12
Let p(n) = 2*n + 20. Let v be p(-10). Suppose -4*h = 3*x - 2*x - 5, -5*h = v. What is the greatest common factor of 5 and x?
5
Suppose -3*x = -2*r - 12, -x - 2*r = -5*x + 14. Let m = 5 + 3. Suppose x*b + 2 = m. What is the highest common factor of b and 6?
3
Let h be (-115)/(-10) + (-2)/(-4). Suppose -a - 4*p + 2 + 7 = 0, a = 3*p - h. Let n = 4 + a. What is the greatest common factor of n and 1?
1
Suppose 2*z + z = -2*n - 10, -3*z = -2*n + 14. Calculate the highest common factor of n and 1.
1
Let t(y) = -2*y + 8. Suppose -23 = 3*u + 4. Let g be t(u). What is the greatest common divisor of g and 234?
26
Let q(a) = a - 4. Let l be q(0). Suppose -4*z = -11 - 9. Let o be (-38)/l - z/(-10). What is the highest common divisor of 20 and o?
10
Let d(r) = -6*r - 20. Let l be d(-9). Let f be 4*2/6*-3. Let i = f + l. What is the greatest common factor of 12 and i?
6
Let h(p) = 0*p**2 + 0*p**2 + 6*p + 7 - p**3 + 6*p**2. Let z be h(7). Suppose z = 4*b - 42 - 18. What is the greatest common divisor of b and 45?
15
Let a(x) = x**2 + 4*x - 7. Let s be a(-6). What is the highest common factor of s and 5?
5
Let w be (24/(-10))/(1/(-5)). Let a be ((-12)/(2/2))/(-1). Calculate the highest common factor of a and w.
12
Suppose -8*i + 12*i - 100 = 0. Calculate the highest common factor of 10 and i.
5
Suppose -4*j + 0 = -8. Suppose -4*x - 156 = 2*v + j*v, 3*v = 5*x - 93. Let g = v - -54. What is the highest common factor of 18 and g?
18
Suppose -2*s + d - 3 = -4*s, -2*s + 3*d = -7. Suppose s*p = 3*p - 5. Let z be 2/p - 54/(-15). What is the greatest common factor of z and 2?
2
Let m be 2730/75 - (-2)/(-5). What is the greatest common divisor of 396 and m?
36
Suppose -s - 280 = -5*q, -q + 168 = 2*q + 4*s. Calculate the highest common factor of q and 56.
56
Suppose 0 = -0*i + 4*i + 4*j - 24, -4*i = -2*j - 36. Let p = 15 - i. What is the greatest common factor of 63 and p?
7
Let r be (-12)/(-7)*(5 - (0 - 2)). What is the highest common divisor of 96 and r?
12
Let n = -16 - -11. Let l(t) = t**2 + 5*t + 5. Let w be l(n). What is the greatest common factor of w and 1?
1
Let l be (-2)/(-7) - 84/(-49). Suppose 68 = l*a + 2*a. Calculate the greatest common factor of 119 and a.
17
Suppose 0 = -5*c + 19 + 51. Let u = 25 - c. Let s = 6 + 38. What is the greatest common divisor of u and s?
11
Let g = -1 + 2. Let v be g + (-1 - (-34)/1). Let k = 14 + v. What is the greatest common factor of 12 and k?
12
Let o be 2/(-5) + 21/15. Suppose 3*r = -0*r + 6. Suppose 0 = -s + 5*k - r, -2*k = -2*s + 2*k + 8. Calculate the highest common factor of s and o.
1
Let t be ((-9)/2)/((-1)/2). Let p be -3*(-15)/t + -2. Calculate the highest common factor of 27 and p.
3
Suppose 5*q + 21 = -29. Let h = 11 + q. What is the highest common divisor of 3 and h?
1
Let f(d) = -d**2 + 16*d + 9. Let s = -33 - -46. Let y be f(s). What is the greatest common divisor of y and 16?
16
Let i = -7 - -14. Suppose 0 = -2*l + 2*a + 53 - i, l + 2 = -4*a. What is the greatest common divisor of l and 2?
2
Let s be (5/(-3) - 2)*-3. Let k(d) = d + 14. Let f be k(s). Calculate the greatest common factor of f and 5.
5
Suppose -6*m = -m - 5, 4*k + 3*m - 531 = 0. Let y = k + -42. Calculate the highest common factor of 18 and y.
18
Let n = -121 + 201. Let q be ((-2)/5)/((-2)/n). Let w = 13 + 115. What is the highest common divisor of q and w?
16
Let j(d) = -3*d**3 + 4*d**2 + 8*d + 3. Let t be j(-3). What is the highest common factor of 16 and t?
16
Let z = -9 + 18. Calculate the greatest common divisor of z and 3.
3
Let c = -29 + 40. Calculate the highest common factor of c and 33.
11
Let j be (2/(-8))/(5/(-260)). What is the highest common divisor of 91 and j?
13
Suppose -4*f = 4*x - 4, -7*f + 3*f - 31 = -3*x. Suppose -x*p = -3*p - 28. What is the highest common factor of p and 7?
7
Let k(i) = -7*i. Let o be k(-2). Suppose -18450 = -3*c - 0*c. Let r be 2/8 + c/40. What is the highest common factor of r and o?
14
Let k be (0/1 - -1) + 2. Suppose -2*u - k*u = -40. Calculate the highest common factor of u and 8.
8
Let p = -21 + -8. Let l = -17 - p. Calculate the highest common divisor of 18 and l.
6
Suppose -u - 3*u + 20 = 0. What is the greatest common divisor of 15 and u?
5
Let t = -1 - -1. Suppose t = 2*b - 34 + 6. Calculate the highest common factor of b and 56.
14
Let h be (-3)/(3/(-15)*3). Calculate the greatest common divisor of 40 and h.
5
Suppose 0 = 2*q - 2*l - 3*l - 7, -4 = 4*l. Suppose -2*o = -0*o - 2. What is the greatest common factor of q and o?
1
Suppose 3*p - 935 = -2*p. Calculate the greatest common divisor of 11 and p.
11
Suppose -3*q + 45 = -0*q. Calculate the highest common divisor of q and 75.
15
Let u(c) be the third derivative of c**4/12 + c**3/3 - 2*c**2. Let m be u(2). Calculate the highest common factor of m and 30.
6
Suppose 2*j + 13 - 43 = 0. What is the greatest c